n = 1 - 0. Let r(h) = -1 - 5*h - 3*h**2 + 0 - n. Calculate r(b).
-14
Let n(w) = 6*w**2 - 2 - 5*w**2 - 13*w**2 - 7*w + 24*w**2 - 13*w**2. Determine n(-7).
-2
Let v(c) = -21*c + 3. Let z(m) = -31*m + 4. Let n(p) = -3*v(p) + 2*z(p). Suppose b + 3*b - 6 = x, 4*b + 2*x = 0. Suppose 0 = -w + 2 - b. What is n(w)?
0
Let k(j) = j**2 - 6. Let y = 5 - 2. Suppose 5*l + 1 = d - 7, -4*l = y*d + 14. Let u be l - -1*(5 + -3). Give k(u).
-6
Let h(v) = -v**3 + 5*v**2 - 3*v + 11. Let f(u) = -76*u + 309. Let y be f(4). Give h(y).
-4
Let w = 3 - 1. Let o(p) = -6*p**2 - 18*p**2 + 2*p**3 - 7*p**2 + 29*p**2 + 3 - 2. Determine o(w).
9
Let r = 43 - 32. Let d(f) = -r*f - 5*f + 1 + 14*f. What is d(3)?
-5
Let q(y) = 2*y. Let z be q(-1). Let t be 2*(3/(-2) - z). Let u(d) = -t + 3 - d**3 - 6*d**2 - d + 3*d - 6*d. Calculate u(-4).
-14
Let o(t) = 2*t**2 - 2*t + 1. Let x = -16 - -22. Suppose x*u - 5*u + 9 = 0. Let m = u + 10. Give o(m).
1
Let y(w) = 7*w**2 + 3 - 4*w - 13*w**2 + 10*w**2. Give y(3).
27
Let n(r) = r**3 - 9*r**2 + r + 3. Suppose -5*q + 3*q = -18. Calculate n(q).
12
Let o(x) = -x**2 + 12*x + 37. Let a be ((-6)/33)/((-14)/1078). What is o(a)?
9
Let i(m) = m**2 - 8*m. Let k(l) = 5*l**2 + 2*l - 3. Let b be k(1). Determine i(b).
-16
Let o(a) = -3*a - 14. Let k = -88 + 82. Calculate o(k).
4
Suppose -7*u + 4*u + 12 = 0. Let d be 22/6 - (u + (-39)/9). Let f(r) = 3*r + 3. Calculate f(d).
15
Suppose 1 = 2*l + 47. Let x = -4 - l. Let o(p) = -10 + x + 7*p - 8 - 3*p. Determine o(-4).
-15
Suppose 22 = 6*y - 200. Let k = y - 35. Let a(j) = 3*j**2 - 2*j - 1. Determine a(k).
7
Let g(l) = 2*l + 6. Let r(d) = -d**2 - 8*d - 10. Suppose -4*f - 4 = -3*f. Let h be r(f). Let t(w) = 3*w + 11. Let c(m) = h*t(m) - 10*g(m). Give c(5).
-4
Suppose -4*o - 3 + 15 = 0. Suppose 0 = o*k - 2*j + j - 2, 3*k = -j + 10. Let t(l) = -9*l**2 - 3. Let y(p) = -p - 1. Let h(u) = k*y(u) - t(u). Determine h(1).
8
Let u(w) = -17*w + 9*w + 1 - w + 5*w. Let n(r) = 2*r - 6. Let c be n(8). Suppose -c = -2*s - 0*s, -3*p + 17 = 4*s. Determine u(p).
5
Let y be 0 + (5 - 4) + 10. Suppose -y*o - 9 = -12*o. Let c(r) = r**2 - 8*r - 13. Let s be c(o). Let k(z) = z**3 + 5*z**2 + 3*z. Give k(s).
4
Suppose -q = 4*p - 2*q - 19, p = 2*q + 3. Let o(j) = -j - 1. Calculate o(p).
-6
Let z be (15/(-12))/(120/(-192)). Let d(k) = 15*k + 2. Calculate d(z).
32
Suppose 0 = c - 5*c. Suppose 2*d + c*d - 6 = 0. Let j(v) be the second derivative of v**5/20 - v**4/4 + v**3/6 - 2*v**2 - v. Calculate j(d).
-1
Let q(w) = -w**2 + 6*w + 12. Let y be (-450)/(-54) - 8/(-12). Determine q(y).
-15
Suppose u - 31 = 423. Let g(h) = 3*h**3 - 453 + u + 13*h**3 - 2*h**2. Calculate g(1).
15
Let p(m) = -3*m**2 + 3*m - 3. Let d(g) = g**2 + 5*g + 7. Suppose 2 - 6 = c. Let y be d(c). What is p(y)?
-21
Let z(r) be the third derivative of r**6/120 + 7*r**5/30 + 13*r**4/24 + r**3/2 - 2*r**2 + 18*r. What is z(-13)?
3
Let w(u) be the second derivative of -u**4/12 + 8*u**3/3 - 49*u**2/2 + u + 324. Give w(11).
6
Suppose 20*m + 9 = 17*m. Let g(v) = -v**2 - 5*v - 2. Calculate g(m).
4
Let u(b) = 10*b**2 + 4. Let k(h) = 3*h**2 + 1. Let w(m) = 7*k(m) - 2*u(m). Let j = -25 - -36. Let p = -10 + j. Give w(p).
0
Let p(s) be the first derivative of -11*s**5/120 - 14*s**3 + 41. Let v(f) be the third derivative of p(f). Calculate v(1).
-11
Let x(a) = -1 - 7*a + 1541*a**2 + 0*a - a - 1543*a**2. What is x(-5)?
-11
Let i(t) = -130*t + 36 - t**2 - 2 + 15*t + 129*t. What is i(17)?
-17
Let n(f) be the second derivative of -f**4/12 - 11*f**3/6 - 7*f**2/2 + 2*f + 259. Determine n(-10).
3
Suppose 0*t - 2*t + 4 = 5*f, -2*f + 2 = t. Let k(j) = -2*j**t + 2*j + j**3 - 5*j - j - 1 + j. Let l(n) = -n**3 + 6*n**2 - n + 4. Let g be l(6). Give k(g).
-11
Let w(h) = -h**3 - 6*h**2 + 8*h + 10. Let f(d) = d**2 + 13*d + 5. Let c be (-6)/4 - (-105)/(-10). Let o be f(c). Calculate w(o).
3
Let j(d) be the first derivative of -d**4/4 + 5*d**3/3 - 3*d**2 + d + 51. Calculate j(3).
1
Let b(x) = 4*x**3 + 4*x + 1. Let i(w) = 5*w**3 - w**2 + 5*w + 1. Let j(p) = -4*b(p) + 3*i(p). Let f be j(-2). Let r(s) = -5*s. Give r(f).
15
Let m(i) = -i + 5. Let v be m(7). Let q(p) = -5*p - 5*p + 8*p - 6 - p**2. Let h(f) = -f - 5. Let j(y) = -4*h(y) + 3*q(y). Give j(v).
-6
Let h(g) be the second derivative of -g**5/20 - 5*g**4/4 - g**3/6 - 8*g**2 - 411*g. What is h(-15)?
-1
Let k(f) = -2*f**2 - 27*f + 73. Let p be k(-16). Let v(t) = 10*t**2 + 24*t + 16. Let z(x) = 7*x**2 + 16*x + 11. Let r(j) = -5*v(j) + 7*z(j). Give r(p).
4
Suppose 10*v = 9*v + 12. Suppose 6*l = 9*l - v. Let o(x) = l - 6*x + 1 + x**2 - 2*x. Determine o(6).
-7
Suppose 51 - 11 = -j. Let g be (-16)/j + (-28)/(-5). Let a(y) = 2 - 11 + 0 + y. What is a(g)?
-3
Let m(g) be the first derivative of g**7/840 - g**6/60 + g**5/20 + g**3 + 3. Let f(u) be the third derivative of m(u). Suppose 6*z - 32 = -2. What is f(z)?
5
Let c(w) = -11*w - 128. Let i be c(-11). Let g(y) = y**2 + 8*y - 5. Calculate g(i).
-12
Let i(l) = 2*l**3 + 14*l**2 + l + 5. Suppose m + 113 = 106. Calculate i(m).
-2
Let c(i) = 2*i**2 - 2*i - 4. Let l(y) = -10*y. Suppose -5*j + 6*s = 3*s - 22, 3*j + 2*s = -2. Let x be l(j). Let k be ((-12)/x)/(2/10). Calculate c(k).
8
Let l be 2 - (-2)/(-8)*(15 - 7). Let k(s) = s**3 + 11*s + 1. Give k(l).
1
Let w(y) = -y + 3. Let p be w(8). Let a(n) = 4*n**2 + 7*n - 2. Let c(h) = 9*h**2 + 15*h - 4. Let v(d) = -7*a(d) + 3*c(d). Determine v(p).
-3
Let o(d) = 90*d - 2243 + 2247 - 89*d - d**3 - 5*d**2. Calculate o(-5).
-1
Let m(a) = 6*a - 1. Suppose 8*x - 2 = 10*x. Let r be x*1*(-1 + 6/3). Give m(r).
-7
Let s(l) = -14*l - 19*l + 34*l. Let j(d) = d**2 - 6*d - 4. Let b(h) = j(h) + s(h). Let w = -6 + 12. What is b(w)?
2
Let f be -2 + 2 + 1 + 5. Let q = 38 + -31. Let y(a) = -1 - q*a**2 - 2*a + 2*a + a**3 + 0*a + 7*a. Give y(f).
5
Let y be 18/3 - (-13)/((-52)/(-8)). Let a(t) = -t**3 + 7*t**2 + 5*t - 12. Determine a(y).
-36
Let b(z) = -z**3 - 6*z**2 + 3*z + 15. Let h(o) = 35*o - 76. Let g be h(2). Calculate b(g).
-3
Let h(w) = -w**2 + 3*w + 1. Let y(o) = -o**2 + 12*o + 3. Let f(b) = -2*h(b) + y(b). Determine f(-10).
41
Let j(d) = -d**3 + 4*d**2 - 2*d + 13. Let y be j(4). Let m(c) = -c**3 + 6*c**2 - 5*c + 7. What is m(y)?
7
Suppose -7*m + 1260 = -6*m. Let j be (4/10)/(21/m). Let z = j + -22. Let l(s) = s**3 - s + 1. Give l(z).
7
Suppose 0*t = -4*t + 4, 5*l + 2*t = 22. Let i(r) = -l*r - 6 + 10 - 6 - r**2. What is i(-3)?
1
Let d(a) = -a**3 + 5*a**2 + 7*a - 3. Suppose 3*u = 2*p - 17, 5*u - 5*p + 15 + 10 = 0. Let w(v) = -8 + 3 - 2*v - v - 10. Let m be w(u). Give d(m).
3
Suppose -2*b + q = 2*b + 11, -b - 2*q = 14. Let j = 3 + 0. Let s(x) = -x + 8. Let r(v) = v - 1. Let c(y) = j*r(y) + s(y). Give c(b).
-3
Let a(u) be the first derivative of -7*u**4/2 - 26*u**3/3 - 17*u**2/2 - 6*u + 35. Let z(v) = -5*v**3 - 9*v**2 - 6*v - 2. Let r(g) = 6*a(g) - 17*z(g). Give r(4).
14
Let j(w) = -w**3 + 7*w**2 - 7*w - 11. Let g be j(5). Let q(m) = -1 - 5*m**3 + 5*m**2 - 2*m + 4*m**3 - 1 - 3*m. Determine q(g).
-6
Let x(d) be the first derivative of d**2/2 - 5*d + 42. Calculate x(8).
3
Suppose 5*c - 20 = 10. Let j(v) = 17*v**2 - 13*v - 8. Let h(l) = -7*l**2 + 6*l + 3. Let m(f) = 5*h(f) + 2*j(f). Determine m(c).
-13
Let x(h) = -h - 3. Let z be 14*(-2)/4 - 0. Let c(k) = -7*k + 15. Let o(u) = 10*u - 22. Let q(n) = z*c(n) - 5*o(n). Let a be q(10). Give x(a).
2
Let y(v) be the first derivative of -2*v**3/3 - 5*v**2 - 7*v - 5. Let x = -15 - -9. What is y(x)?
-19
Let a(s) = -5*s - 16. Let g(o) = -6*o - 17. Suppose 0 = 4*k + 4, v + 18 = 3*v - 4*k. Let x(n) = v*a(n) - 6*g(n). Determine x(0).
-10
Let s(a) be the first derivative of -3/2*a**2 + 1/3*a**3 + 0*a + 4. Suppose 4*t - 32 = -4*y, -5*t = -0*t - 4*y + 5. What is s(t)?
0
Let q = 2 + 2. Let x(j) be the second derivative of j**5/20 - j**4/4 - 2*j**3/3 + 2*j**2 - 8*j. Let n be x(q). Let h(g) = g - 5. Give h(n).
-1
Suppose -133 = -13*y - 6*y. Let z(m) = -m**2 + 8*m - 10. Determine z(y).
-3
Let v be (-5322)/(-36) + (9/3)/18. Let t = v + -139. Let y(r) = r**2 - 7*r - 12. Give y(t).
6
Let g(u) = -10 - 6*u**2 - 3*u**2 + 2*u + u**3 + 2*u**2 + 2. What is g(7)?
6
Let k(l) be the first derivative of l**3/6 - l**2 + 28*l + 23. Let v(i) be the first derivative of k(i). Calculate v(-4).
-6
Let x be 28/70*(1 - 6). Let g(d) = -d**2 - 7*d + 1. Let z(l) = 6*l**2 + 36*l - 5. Let